he remainder when 3467 is divided by 286.
35
What is the remainder when 19363 is divided by 1011?
154
What is the remainder when 67126 is divided by 19?
18
Calculate the remainder when 11610 is divided by 1524.
942
What is the remainder when 96349 is divided by 465?
94
What is the remainder when 5929 is divided by 112?
105
What is the remainder when 6906 is divided by 69?
6
Calculate the remainder when 11164 is divided by 11128.
36
What is the remainder when 383723 is divided by 191856?
11
Calculate the remainder when 14158 is divided by 4.
2
What is the remainder when 8292 is divided by 8270?
22
What is the remainder when 517713 is divided by 258856?
1
Calculate the remainder when 2576 is divided by 489.
131
What is the remainder when 8154 is divided by 16?
10
Calculate the remainder when 22369 is divided by 2796.
1
What is the remainder when 1942440 is divided by 19?
13
Calculate the remainder when 4830 is divided by 195.
150
What is the remainder when 24230 is divided by 44?
30
What is the remainder when 16259 is divided by 126?
5
What is the remainder when 240963 is divided by 22?
19
Calculate the remainder when 305123 is divided by 47.
46
What is the remainder when 1118565 is divided by 446?
443
What is the remainder when 30271 is divided by 294?
283
Calculate the remainder when 2274 is divided by 1027.
220
What is the remainder when 6891 is divided by 57?
51
What is the remainder when 10304 is divided by 3283?
455
What is the remainder when 21712 is divided by 107?
98
Calculate the remainder when 2609 is divided by 866.
11
What is the remainder when 2130 is divided by 886?
358
What is the remainder when 7455 is divided by 1515?
1395
Calculate the remainder when 29912 is divided by 11.
3
Calculate the remainder when 22938 is divided by 7639.
21
Calculate the remainder when 21369 is divided by 40.
9
Calculate the remainder when 15476 is divided by 62.
38
What is the remainder when 22497 is divided by 1323?
6
Calculate the remainder when 2044 is divided by 1021.
2
Calculate the remainder when 3173 is divided by 1486.
201
What is the remainder when 3954 is divided by 285?
249
Calculate the remainder when 6528 is divided by 3251.
26
Calculate the remainder when 119619 is divided by 61.
59
What is the remainder when 35414 is divided by 233?
231
Calculate the remainder when 97143 is divided by 1057.
956
Calculate the remainder when 15272 is divided by 1876.
264
What is the remainder when 73333 is divided by 6664?
29
Calculate the remainder when 43301 is divided by 2885.
26
Calculate the remainder when 11450 is divided by 122.
104
What is the remainder when 232 is divided by 58?
0
What is the remainder when 24520 is divided by 217?
216
Calculate the remainder when 1073 is divided by 11.
6
Calculate the remainder when 65069 is divided by 1103.
1095
What is the remainder when 72079 is divided by 24007?
58
What is the remainder when 2110 is divided by 676?
82
What is the remainder when 89710 is divided by 168?
166
Calculate the remainder when 3751477 is divided by 458.
457
Calculate the remainder when 2320156 is divided by 20.
16
Calculate the remainder when 2323705 is divided by 553.
552
Calculate the remainder when 191659 is divided by 74.
73
Calculate the remainder when 70651 is divided by 70643.
8
Calculate the remainder when 388361 is divided by 248.
241
Calculate the remainder when 17273 is divided by 144.
137
What is the remainder when 35894 is divided by 130?
14
What is the remainder when 1461 is divided by 157?
48
Calculate the remainder when 4437 is divided by 1444.
105
Calculate the remainder when 200078 is divided by 40007.
43
Calculate the remainder when 11074 is divided by 257.
23
Calculate the remainder when 10496 is divided by 1856.
1216
Calculate the remainder when 1923211 is divided by 46.
43
Calculate the remainder when 2584 is divided by 1270.
44
What is the remainder when 25564 is divided by 1963?
45
Calculate the remainder when 1767042 is divided by 589013.
3
What is the remainder when 2629 is divided by 102?
79
Calculate the remainder when 42456 is divided by 15.
6
What is the remainder when 4569 is divided by 394?
235
Calculate the remainder when 2195 is divided by 731.
2
What is the remainder when 48705 is divided by 142?
141
Calculate the remainder when 110464 is divided by 179.
21
What is the remainder when 42663 is divided by 21243?
177
Calculate the remainder when 37862 is divided by 37857.
5
Calculate the remainder when 2391 is divided by 160.
151
Calculate the remainder when 972 is divided by 427.
118
What is the remainder when 78956 is divided by 26315?
11
What is the remainder when 215587 is divided by 196?
183
Calculate the remainder when 950209 is divided by 47.
10
Calculate the remainder when 69759 is divided by 34871.
17
Calculate the remainder when 502 is divided by 53.
25
Calculate the remainder when 11436 is divided by 25.
11
What is the remainder when 31718 is divided by 460?
438
What is the remainder when 1594 is divided by 765?
64
What is the remainder when 12873 is divided by 92?
85
Calculate the remainder when 32606 is divided by 2715.
26
What is the remainder when 277684 is divided by 206?
202
What is the remainder when 147224 is divided by 65?
64
Calculate the remainder when 106267 is divided by 481.
447
Calculate the remainder when 21609 is divided by 1203.
1158
What is the remainder when 28555 is divided by 80?
75
Calculate the remainder when 46119 is divided by 11.
7
What is the remainder when 9746 is divided by 12?
2
Calculate the remainder when 25091 is divided by 337.
153
Calculate the remainder when 148031 is divided by 514.
513
Calculate the remainder when 67327 is divided by 124.
119
Calculate the remainder when 2865 is divided by 2848.
17
Calculate the remainder when 7935 is divided by 516.
195
What is the remainder when 17746 is divided by 97?
92
Calculate the remainder when 3982 is divided by 1930.
122
What is the remainder when 19725 is divided by 26?
17
Calculate the remainder when 53448 is divided by 53406.
42
Calculate the remainder when 167469 is divided by 316.
305
What is the remainder when 19146 is divided by 197?
37
What is the remainder when 5407 is divided by 534?
67
Calculate the remainder when 27069 is divided by 144.
141
Calculate the remainder when 31785 is divided by 374.
369
Calculate the remainder when 1251 is divided by 157.
152
Calculate the remainder when 21448 is divided by 10402.
644
Calculate the remainder when 17083 is divided by 555.
433
Calculate the remainder when 38551 is divided by 358.
245
What is the remainder when 14226 is divided by 2?
0
What is the remainder when 99783 is divided by 4989?
3
What is the remainder when 4352 is divided by 516?
224
Calculate the remainder when 18281 is divided by 24.
17
What is the remainder when 1336 is divided by 199?
142
What is the remainder when 17967 is divided by 1325?
742
What is the remainder when 8650 is divided by 186?
94
Calculate the remainder when 144348 is divided by 16.
12
Calculate the remainder when 36736 is divided by 6.
4
What is the remainder when 189986 is divided by 9?
5
What is the remainder when 14505 is divided by 967?
0
Calculate the remainder when 133439 is divided by 15.
14
Calculate the remainder when 349059 is divided by 416.
35
What is the remainder when 93641 is divided by 774?
761
Calculate the remainder when 4919 is divided by 2346.
227
What is the remainder when 86391 is divided by 43184?
23
Calculate the remainder when 67164 is divided by 4.
0
Calculate the remainder when 1318046 is divided by 219673.
8
What is the remainder when 242781 is divided by 121344?
93
Calculate the remainder when 26452 is divided by 6613.
0
Calculate the remainder when 2086 is divided by 92.
62
Calculate the remainder when 7398 is divided by 1477.
13
Calculate the remainder when 107461 is divided by 507.
484
What is the remainder when 936 is divided by 95?
81
What is the remainder when 3744 is divided by 1715?
314
Calculate the remainder when 46316 is divided by 601.
39
What is the remainder when 17652 is divided by 1059?
708
Calculate the remainder when 38939 is divided by 177.
176
Calculate the remainder when 4195 is divided by 25.
20
Calculate the remainder when 69381 is divided by 147.
144
Calculate the r